{"id":3772,"date":"2022-01-09T02:31:49","date_gmt":"2022-01-09T02:31:49","guid":{"rendered":"https:\/\/rgturbo.com.co\/index.php\/product\/neumatico-duradero-para-patinete-xiaomi-mijia-m365-rueda-de-tubo-interno-con-agujero-solido-amortiguador-de-golpes-no-neumatico\/"},"modified":"2022-01-09T02:31:52","modified_gmt":"2022-01-09T02:31:52","slug":"neumatico-duradero-para-patinete-xiaomi-mijia-m365-rueda-de-tubo-interno-con-agujero-solido-amortiguador-de-golpes-no-neumatico","status":"publish","type":"product","link":"https:\/\/rgturbo.com.co\/index.php\/product\/neumatico-duradero-para-patinete-xiaomi-mijia-m365-rueda-de-tubo-interno-con-agujero-solido-amortiguador-de-golpes-no-neumatico\/","title":{"rendered":"Neum\u00e1tico duradero para patinete Xiaomi Mijia M365, rueda de tubo interno, con agujero s\u00f3lido, amortiguador de golpes, no neum\u00e1tico"},"content":{"rendered":"<p>\u00a0<\/p>\n<div class=\"product-specs-list-container\">\u00a0<\/div>\n<p style=\"box-sizing: content-box; margin: 0.0px; padding: 0.0px; border: 0.0px; font-size: 13.0px; line-height: inherit; font-family: arial , helvetica , sans-serif; vertical-align: baseline; color: #000000;\"><span style=\"box-sizing: content-box; margin: 0.0px; padding: 0.0px; border: 0.0px; font-style: inherit; font-weight: inherit; font-size: 26.0px; line-height: inherit; vertical-align: baseline;\"><span style=\"box-sizing: content-box; font-weight: bold;\">Neum\u00e1tico s\u00f3lido para Scooter El\u00e9ctrico Xiaomi Mijia M365, neum\u00e1tico s\u00f3lido 8 1\/2&#215;2, amortiguador de neum\u00e1tico hueco, antideslizante y duradero.<\/span><\/span><\/p>\n<p style=\"box-sizing: content-box; margin: 0.0px; padding: 0.0px; border: 0.0px; font-size: 13.0px; line-height: inherit; font-family: arial , helvetica , sans-serif; vertical-align: baseline; color: #000000;\"><span style=\"color: #333333; font-family: arial , verdana , sans-serif; font-size: 12.0px;\">Para Xiaomi Mijia M365 Scooter patinete neum\u00e1tico de agujero s\u00f3lido neum\u00e1ticos no neum\u00e1ticos amortiguador de neum\u00e1ticos ruedas de goma Durable<\/span><\/p>\n<p style=\"box-sizing: content-box; margin: 0.0px; padding: 0.0px; border: 0.0px; font-size: 13.0px; line-height: inherit; font-family: arial , helvetica , sans-serif; vertical-align: baseline; color: #000000;\"><span style=\"color: #ff0000; font-family: times new roman , times , serif; font-size: 22.0px; font-style: inherit; font-weight: bold;\">El neum\u00e1tico de cubierta exterior es universal para ruedas delanteras y traseras.<\/span><\/p>\n<div style=\"box-sizing: content-box; margin: 0.0px; padding: 0.0px; border: 0.0px; font-size: 13.0px; line-height: 16.9px; font-family: arial , helvetica , sans-serif; vertical-align: baseline; color: #000000;\"><span style=\"box-sizing: content-box; margin: 0.0px; padding: 0.0px; border: 0.0px; font-style: inherit; font-weight: bold; font-size: inherit; line-height: inherit; vertical-align: baseline;\">Caracter\u00edsticas principales:<\/span><\/div>\n<div style=\"box-sizing: content-box; margin: 0.0px; padding: 0.0px; border: 0.0px; font-size: 13.0px; line-height: 16.9px; font-family: arial , helvetica , sans-serif; vertical-align: baseline; color: #000000;\"><span style=\"box-sizing: content-box; margin: 0.0px; padding: 0.0px; border: 0.0px; font-style: inherit; font-weight: bold; font-size: inherit; line-height: inherit; vertical-align: baseline;\"><span style=\"background-color: #f1c40f;\">1.<\/span>Material de goma, resistente a la abrasi\u00f3n y antideslizante, de alta calidad y duradero.<\/span><\/div>\n<div style=\"box-sizing: content-box; margin: 0.0px; padding: 0.0px; border: 0.0px; font-size: 13.0px; line-height: 16.9px; font-family: arial , helvetica , sans-serif; vertical-align: baseline; color: #000000;\"><span style=\"box-sizing: content-box; margin: 0.0px; padding: 0.0px; border: 0.0px; font-style: inherit; font-weight: bold; font-size: inherit; line-height: inherit; vertical-align: baseline;\">2. Neum\u00e1tico s\u00f3lido para scooter El\u00e9ctrico Xiaomi M365<\/span><\/div>\n<div style=\"box-sizing: content-box; margin: 0.0px; padding: 0.0px; border: 0.0px; font-size: 13.0px; line-height: 16.9px; font-family: arial , helvetica , sans-serif; vertical-align: baseline; color: #000000;\"><span style=\"box-sizing: content-box; margin: 0.0px; padding: 0.0px; border: 0.0px; font-style: inherit; font-weight: bold; font-size: inherit; line-height: inherit; vertical-align: baseline;\">3. El patr\u00f3n antideslizante hace que se pueda usar en d\u00edas de nieve y lluvia, seguro para montar el scooter<\/span><\/div>\n<div style=\"box-sizing: content-box; margin: 0.0px; padding: 0.0px; border: 0.0px; font-size: 13.0px; line-height: 16.9px; font-family: arial , helvetica , sans-serif; vertical-align: baseline; color: #000000;\"><span style=\"box-sizing: content-box; margin: 0.0px; padding: 0.0px; border: 0.0px; font-style: inherit; font-weight: bold; font-size: inherit; line-height: inherit; vertical-align: baseline;\">4. F\u00e1cil de usar y reemplazar, ajuste flexible y fijaci\u00f3n firme<br \/><img decoding=\"async\" src=\"https:\/\/ae01.alicdn.com\/kf\/Hde95223dd1e04bafba90cb103a5d4863a.jpg?width=900&amp;height=900&amp;hash=1800\" \/><img decoding=\"async\" src=\"https:\/\/ae01.alicdn.com\/kf\/Hb86cccf1a83a4ae1993affbf05115858L.jpg?width=900&amp;height=900&amp;hash=1800\" \/><img decoding=\"async\" src=\"https:\/\/ae01.alicdn.com\/kf\/Ha0d09a3fdb104c998c4538785e9d28b1m.jpg?width=900&amp;height=900&amp;hash=1800\" \/><img decoding=\"async\" src=\"https:\/\/ae01.alicdn.com\/kf\/Hd3072398d266421c8eb5c1289eccab1aD.jpg?width=900&amp;height=900&amp;hash=1800\" \/><img decoding=\"async\" src=\"https:\/\/ae01.alicdn.com\/kf\/H4edbc0ef19e74b6bbc8c23e48d273f18o.jpg?width=900&amp;height=900&amp;hash=1800\" \/><img decoding=\"async\" src=\"https:\/\/ae01.alicdn.com\/kf\/H1dd2fe5a91af4bc2866d773c25ec768aZ.jpg?width=900&amp;height=900&amp;hash=1800\" \/><img decoding=\"async\" src=\"https:\/\/ae01.alicdn.com\/kf\/H03af8689264445ca9196e5e0526fcd20T.jpg?width=900&amp;height=900&amp;hash=1800\" \/><img decoding=\"async\" src=\"https:\/\/ae01.alicdn.com\/kf\/Hb2dcf181ed0943da94291afe8a63fdd4A.jpg?width=900&amp;height=900&amp;hash=1800\" \/><img decoding=\"async\" src=\"https:\/\/ae01.alicdn.com\/kf\/H44ed49a633514cdaae5a93ebcbf24398t.jpg?width=900&amp;height=900&amp;hash=1800\" \/><img decoding=\"async\" src=\"https:\/\/ae01.alicdn.com\/kf\/H2cd1d47752e84d058a7952dfc909a31ay.jpg?width=900&amp;height=900&amp;hash=1800\" \/><br \/><img decoding=\"async\" src=\"https:\/\/ae01.alicdn.com\/kf\/Ha3eae0840edf4d3db9585324f662b755H.jpg?width=900&amp;height=900&amp;hash=1800\" \/><img decoding=\"async\" src=\"https:\/\/ae01.alicdn.com\/kf\/Hc5287ec35c1545e39a8c27dc7050e2fdk.jpg?width=900&amp;height=900&amp;hash=1800\" \/><img decoding=\"async\" src=\"https:\/\/ae01.alicdn.com\/kf\/H2e1f9e1a53e44961bab19b8141d4c390I.jpg?width=900&amp;height=900&amp;hash=1800\" \/><img decoding=\"async\" src=\"https:\/\/ae01.alicdn.com\/kf\/He517476b8da44ab1ba9a3c5c9f0b519aq.jpg?width=900&amp;height=900&amp;hash=1800\" \/><img decoding=\"async\" src=\"https:\/\/ae01.alicdn.com\/kf\/Hefb978118c144f39b474b4c66076ad79Q.jpg?width=900&amp;height=900&amp;hash=1800\" \/><br \/><img decoding=\"async\" src=\"https:\/\/ae01.alicdn.com\/kf\/H97774d009efc466ba06967edd2197b4fM.jpg?width=900&amp;height=900&amp;hash=1800\" \/><img decoding=\"async\" src=\"https:\/\/ae01.alicdn.com\/kf\/Hf9fbc45171754845877130f11d921105p.jpg?width=900&amp;height=900&amp;hash=1800\" \/><img decoding=\"async\" src=\"https:\/\/ae01.alicdn.com\/kf\/H7a04681ba1524e3a9706d385d8dedd1ef.jpg?width=900&amp;height=900&amp;hash=1800\" \/><img decoding=\"async\" src=\"https:\/\/ae01.alicdn.com\/kf\/H9340b02f4f7a43c99274fd7ab61ab886X.jpg?width=900&amp;height=900&amp;hash=1800\" \/><img decoding=\"async\" src=\"https:\/\/ae01.alicdn.com\/kf\/H235e4a6ccee64d94a05100248c855d78s.jpg?width=900&amp;height=900&amp;hash=1800\" \/><br \/><img decoding=\"async\" src=\"https:\/\/ae01.alicdn.com\/kf\/H361cf4ad232540708c8c35f6ca3abd51O.jpg?width=900&amp;height=900&amp;hash=1800\" \/><img decoding=\"async\" src=\"https:\/\/ae01.alicdn.com\/kf\/H922e756ce29e4b5f9159bfd20d8e4c44x.jpg?width=900&amp;height=900&amp;hash=1800\" \/><img decoding=\"async\" src=\"https:\/\/ae01.alicdn.com\/kf\/H7fb549ca6d0a4537aeef50da119206dbn.jpg?width=900&amp;height=900&amp;hash=1800\" \/><img decoding=\"async\" src=\"https:\/\/ae01.alicdn.com\/kf\/Hb5193f5c980d4f01bf2b69625e5ee8e7w.jpg?width=900&amp;height=900&amp;hash=1800\" \/><img decoding=\"async\" src=\"https:\/\/ae01.alicdn.com\/kf\/Hb4ed6028ce6c497c98abe89b9712c405w.jpg?width=900&amp;height=900&amp;hash=1800\" \/><img decoding=\"async\" src=\"https:\/\/ae01.alicdn.com\/kf\/H61329042b1144598a8d675eaca30c2c5C.jpg?width=900&amp;height=900&amp;hash=1800\" \/><img decoding=\"async\" src=\"https:\/\/ae01.alicdn.com\/kf\/Hba34701a467b4d83b8373f42522e7736D.jpg?width=900&amp;height=900&amp;hash=1800\" \/><img decoding=\"async\" src=\"https:\/\/ae01.alicdn.com\/kf\/Hab9da02112b74338bc5e18705e5758826.jpg?width=900&amp;height=900&amp;hash=1800\" \/><img decoding=\"async\" src=\"https:\/\/ae01.alicdn.com\/kf\/Ha6b3edaff5b84aa39c66016c7c856eb3X.jpg?width=900&amp;height=900&amp;hash=1800\" \/><img decoding=\"async\" src=\"https:\/\/ae01.alicdn.com\/kf\/H85f9603f050947c580327b34739ec0aej.jpg?width=900&amp;height=900&amp;hash=1800\" \/><\/span><\/div>\n<p style=\"text-align: left; margin: 0;\"><img decoding=\"async\" src=\"https:\/\/ae01.alicdn.com\/kf\/Hfadf25f58a094fc48ecdb88172a3f4e9M.jpg?width=960&amp;height=960&amp;hash=1920\" \/><img decoding=\"async\" src=\"https:\/\/ae01.alicdn.com\/kf\/H6a1bcaa1de344fd4960904377e6c207eD.jpg?width=960&amp;height=960&amp;hash=1920\" \/><img decoding=\"async\" src=\"https:\/\/ae01.alicdn.com\/kf\/Hadb98c33616a49ea94aeb482915bbb50O.jpg?width=960&amp;height=960&amp;hash=1920\" \/><img decoding=\"async\" src=\"https:\/\/ae01.alicdn.com\/kf\/Hc1775e428aeb4bd1bc72f92ecc30f541q.jpg?width=960&amp;height=960&amp;hash=1920\" \/><img decoding=\"async\" src=\"https:\/\/ae01.alicdn.com\/kf\/Hb7cd3e3c5e604df986ecb6d36976eea0L.jpg?width=960&amp;height=960&amp;hash=1920\" \/><img decoding=\"async\" src=\"https:\/\/ae01.alicdn.com\/kf\/Hd1f7c75bdaa94057a6151235bcc73523j.jpg?width=960&amp;height=960&amp;hash=1920\" \/><img decoding=\"async\" src=\"https:\/\/ae01.alicdn.com\/kf\/H464f89d877ae4ede8f4a17ed2a2cf6afq.jpg?width=960&amp;height=960&amp;hash=1920\" \/><\/p>\n","protected":false},"excerpt":{"rendered":"<p>\u00a0 \u00a0 Neum\u00e1tico s\u00f3lido para Scooter El\u00e9ctrico Xiaomi Mijia M365, neum\u00e1tico s\u00f3lido 8 1\/2&#215;2, amortiguador de neum\u00e1tico hueco, antideslizante y duradero. Para Xiaomi Mijia M365 Scooter patinete neum\u00e1tico de agujero s\u00f3lido neum\u00e1ticos no neum\u00e1ticos amortiguador de neum\u00e1ticos ruedas de goma Durable El neum\u00e1tico de cubierta exterior es universal para ruedas delanteras y traseras. Caracter\u00edsticas principales: &hellip; <\/p>\n<p class=\"link-more\"><a href=\"https:\/\/rgturbo.com.co\/index.php\/product\/neumatico-duradero-para-patinete-xiaomi-mijia-m365-rueda-de-tubo-interno-con-agujero-solido-amortiguador-de-golpes-no-neumatico\/\" class=\"more-link\">Continue reading<span class=\"screen-reader-text\"> \u00abNeum\u00e1tico duradero para patinete Xiaomi Mijia M365, rueda de tubo interno, con agujero s\u00f3lido, amortiguador de golpes, no neum\u00e1tico\u00bb<\/span><\/a><\/p>\n","protected":false},"featured_media":3773,"comment_status":"open","ping_status":"closed","template":"","meta":{"_monsterinsights_skip_tracking":false,"_monsterinsights_sitenote_active":false,"_monsterinsights_sitenote_note":"","_monsterinsights_sitenote_category":0,"_uf_show_specific_survey":0,"_uf_disable_surveys":false},"product_brand":[],"product_cat":[223],"product_tag":[238,236,237],"class_list":{"0":"post-3772","1":"product","2":"type-product","3":"status-publish","4":"has-post-thumbnail","6":"product_cat-scooter","7":"product_tag-neumatico-para-scooter","8":"product_tag-patineta-electrica","9":"product_tag-rueda-macisa-para-scooter-xiaomi","11":"first","12":"instock","13":"shipping-taxable","14":"purchasable","15":"product-type-variable"},"_links":{"self":[{"href":"https:\/\/rgturbo.com.co\/index.php\/wp-json\/wp\/v2\/product\/3772","targetHints":{"allow":["GET"]}}],"collection":[{"href":"https:\/\/rgturbo.com.co\/index.php\/wp-json\/wp\/v2\/product"}],"about":[{"href":"https:\/\/rgturbo.com.co\/index.php\/wp-json\/wp\/v2\/types\/product"}],"replies":[{"embeddable":true,"href":"https:\/\/rgturbo.com.co\/index.php\/wp-json\/wp\/v2\/comments?post=3772"}],"wp:featuredmedia":[{"embeddable":true,"href":"https:\/\/rgturbo.com.co\/index.php\/wp-json\/wp\/v2\/media\/3773"}],"wp:attachment":[{"href":"https:\/\/rgturbo.com.co\/index.php\/wp-json\/wp\/v2\/media?parent=3772"}],"wp:term":[{"taxonomy":"product_brand","embeddable":true,"href":"https:\/\/rgturbo.com.co\/index.php\/wp-json\/wp\/v2\/product_brand?post=3772"},{"taxonomy":"product_cat","embeddable":true,"href":"https:\/\/rgturbo.com.co\/index.php\/wp-json\/wp\/v2\/product_cat?post=3772"},{"taxonomy":"product_tag","embeddable":true,"href":"https:\/\/rgturbo.com.co\/index.php\/wp-json\/wp\/v2\/product_tag?post=3772"}],"curies":[{"name":"wp","href":"https:\/\/api.w.org\/{rel}","templated":true}]}}