{"id":3579,"date":"2022-01-06T02:51:12","date_gmt":"2022-01-06T02:51:12","guid":{"rendered":"https:\/\/rgturbo.com.co\/index.php\/product\/sistema-electrico-modificado-diy-de-24v-para-ninos-interruptor-y-juego-completo-de-placa-de-circuito-de-control-remoto-accesorios-para-coche-electrico\/"},"modified":"2022-01-06T02:51:14","modified_gmt":"2022-01-06T02:51:14","slug":"sistema-electrico-modificado-diy-de-24v-para-ninos-interruptor-y-juego-completo-de-placa-de-circuito-de-control-remoto-accesorios-para-coche-electrico","status":"publish","type":"product","link":"https:\/\/rgturbo.com.co\/index.php\/product\/sistema-electrico-modificado-diy-de-24v-para-ninos-interruptor-y-juego-completo-de-placa-de-circuito-de-control-remoto-accesorios-para-coche-electrico\/","title":{"rendered":"Sistema el\u00e9ctrico modificado DIY de 24V para ni\u00f1os, interruptor y juego completo de placa de circuito de Control remoto, accesorios para coche el\u00e9ctrico"},"content":{"rendered":"<p>\u00a0<\/p>\n<div class=\"product-specs-list-container\">\n<ul class=\"product-specs-list util-clearfix\">\n<li class=\"product-prop line-limit-length\"><span class=\"property-title\">Origen:\u00a0<\/span><span class=\"property-desc line-limit-length\">CN(Origen)<\/span><\/li>\n<li class=\"product-prop line-limit-length\"><span class=\"property-title\">Material:\u00a0<\/span><span class=\"property-desc line-limit-length\">Pl\u00e1stico<\/span><\/li>\n<li class=\"product-prop line-limit-length\"><span class=\"property-title\">Tipo de pl\u00e1stico:\u00a0<\/span><span class=\"property-desc line-limit-length\">PP<\/span><\/li>\n<li class=\"product-prop line-limit-length\"><span class=\"property-title\">Recomendar edad:\u00a0<\/span><span class=\"property-desc line-limit-length\">13-24m<\/span><\/li>\n<li class=\"product-prop line-limit-length\"><span class=\"property-title\">Recomendar edad:\u00a0<\/span><span class=\"property-desc line-limit-length\">25-36m<\/span><\/li>\n<li class=\"product-prop line-limit-length\"><span class=\"property-title\">Recomendar edad:\u00a0<\/span><span class=\"property-desc line-limit-length\">4 -6 a\u00f1os<\/span><\/li>\n<li class=\"product-prop line-limit-length\"><span class=\"property-title\">Recomendar edad:\u00a0<\/span><span class=\"property-desc line-limit-length\">7-12y<\/span><\/li>\n<li class=\"product-prop line-limit-length\"><span class=\"property-title\">Uso:\u00a0<\/span><span class=\"property-desc line-limit-length\">Veh\u00edculos y juguetes a control remoto<\/span><\/li>\n<\/ul>\n<\/div>\n<div class=\"detailmodule_html\">\n<div class=\"detail-desc-decorate-richtext\">\n<div class=\"detailmodule_text\">\n<p class=\"detail-desc-decorate-content\" style=\"font-family: OpenSans; font-size: 14px; font-weight: 300; line-height: 20px; white-space: pre-wrap; color: #000000; margin-bottom: 12px;\">Kit de interruptores y cables modificados DIY de coche el\u00e9ctrico para ni\u00f1os de 24V<br \/>Juego completo de accesorios: Cables, interruptor, Pedal, Protector de sobrecarga, equipado con interruptor de alta velocidad y baja velocidad, producto f\u00e1cil de instalar, reparar y reemplazar.<br \/>Juego completo de accesorios de conversi\u00f3n de coche el\u00e9ctrico para ni\u00f1os, necesita preparar bater\u00edas, Motor de direcci\u00f3n y 2 cajas de cambios.<br \/>\u3001 Equipado con placa base de alta potencia de 12V y control remoto Bluetooth de 2,4G con funci\u00f3n de inicio lento.<br \/>\u3001 Pulsa el bot\u00f3n blanco superior (3-5 segundos) para sincronizarlo con tu coche, (las pilas no est\u00e1n incluidas en el interior).<\/p>\n<\/div>\n<div class=\"detailmodule_image\"><img decoding=\"async\" class=\"detail-desc-decorate-image\" style=\"margin-bottom: 10px;\" src=\"https:\/\/ae01.alicdn.com\/kf\/Heeb104d8948044d4b5d9e78c46a2afd7G.jpg\" \/><img decoding=\"async\" class=\"detail-desc-decorate-image\" style=\"margin-bottom: 10px;\" src=\"https:\/\/ae01.alicdn.com\/kf\/H7341776e274940e8a9c53b03733dfd23i.jpg\" \/><img decoding=\"async\" class=\"detail-desc-decorate-image\" style=\"margin-bottom: 10px;\" src=\"https:\/\/ae01.alicdn.com\/kf\/Hd42c9109c5d844d383a2ad44b88026dfu.jpg\" \/><img decoding=\"async\" class=\"detail-desc-decorate-image\" style=\"margin-bottom: 10px;\" src=\"https:\/\/ae01.alicdn.com\/kf\/H45206cbdd83a4519baba78ac9605c811U.jpg\" \/><img decoding=\"async\" class=\"detail-desc-decorate-image\" style=\"margin-bottom: 10px;\" src=\"https:\/\/ae01.alicdn.com\/kf\/H2ba4768dbe7247b190ac1041f5c1c3214.jpg\" \/><img decoding=\"async\" class=\"detail-desc-decorate-image\" style=\"margin-bottom: 10px;\" src=\"https:\/\/ae01.alicdn.com\/kf\/Hda3896a93a254f8e9fb220e06f2b3940x.jpg\" \/><img decoding=\"async\" class=\"detail-desc-decorate-image\" style=\"margin-bottom: 10px;\" src=\"https:\/\/ae01.alicdn.com\/kf\/H42709fc434d44be3a9f182ebfcb5729aU.jpg\" \/><img decoding=\"async\" class=\"detail-desc-decorate-image\" style=\"margin-bottom: 10px;\" src=\"https:\/\/ae01.alicdn.com\/kf\/H74dacae1f80041258b05b60dc0a5a4676.jpg\" \/><img decoding=\"async\" class=\"detail-desc-decorate-image\" style=\"margin-bottom: 10px;\" src=\"https:\/\/ae01.alicdn.com\/kf\/H1ae58989d8244f2b9b64ac05a77e4d2bl.jpg\" \/><img decoding=\"async\" class=\"detail-desc-decorate-image\" style=\"margin-bottom: 10px;\" src=\"https:\/\/ae01.alicdn.com\/kf\/H3138e8c339004531a208d288ea31c4a26.jpg\" \/><\/div>\n<p>\u00a0<\/p>\n<\/div>\n<\/div>\n","protected":false},"excerpt":{"rendered":"<p>\u00a0 Origen:\u00a0CN(Origen) Material:\u00a0Pl\u00e1stico Tipo de pl\u00e1stico:\u00a0PP Recomendar edad:\u00a013-24m Recomendar edad:\u00a025-36m Recomendar edad:\u00a04 -6 a\u00f1os Recomendar edad:\u00a07-12y Uso:\u00a0Veh\u00edculos y juguetes a control remoto Kit de interruptores y cables modificados DIY de coche el\u00e9ctrico para ni\u00f1os de 24VJuego completo de accesorios: Cables, interruptor, Pedal, Protector de sobrecarga, equipado con interruptor de alta velocidad y baja velocidad, producto &hellip; <\/p>\n<p class=\"link-more\"><a href=\"https:\/\/rgturbo.com.co\/index.php\/product\/sistema-electrico-modificado-diy-de-24v-para-ninos-interruptor-y-juego-completo-de-placa-de-circuito-de-control-remoto-accesorios-para-coche-electrico\/\" class=\"more-link\">Continue reading<span class=\"screen-reader-text\"> \u00abSistema el\u00e9ctrico modificado DIY de 24V para ni\u00f1os, interruptor y juego completo de placa de circuito de Control remoto, accesorios para coche el\u00e9ctrico\u00bb<\/span><\/a><\/p>\n","protected":false},"featured_media":3580,"comment_status":"open","ping_status":"closed","template":"","meta":{"_monsterinsights_skip_tracking":false,"_monsterinsights_sitenote_active":false,"_monsterinsights_sitenote_note":"","_monsterinsights_sitenote_category":0,"_uf_show_specific_survey":0,"_uf_disable_surveys":false},"product_brand":[],"product_cat":[80],"product_tag":[180,179,178],"class_list":{"0":"post-3579","1":"product","2":"type-product","3":"status-publish","4":"has-post-thumbnail","6":"product_cat-montables","7":"product_tag-autos-de-nina","8":"product_tag-carros-de-bateria-para-ninos","9":"product_tag-repuestos-para-carros-montables","11":"first","12":"instock","13":"shipping-taxable","14":"purchasable","15":"product-type-variable"},"_links":{"self":[{"href":"https:\/\/rgturbo.com.co\/index.php\/wp-json\/wp\/v2\/product\/3579","targetHints":{"allow":["GET"]}}],"collection":[{"href":"https:\/\/rgturbo.com.co\/index.php\/wp-json\/wp\/v2\/product"}],"about":[{"href":"https:\/\/rgturbo.com.co\/index.php\/wp-json\/wp\/v2\/types\/product"}],"replies":[{"embeddable":true,"href":"https:\/\/rgturbo.com.co\/index.php\/wp-json\/wp\/v2\/comments?post=3579"}],"wp:featuredmedia":[{"embeddable":true,"href":"https:\/\/rgturbo.com.co\/index.php\/wp-json\/wp\/v2\/media\/3580"}],"wp:attachment":[{"href":"https:\/\/rgturbo.com.co\/index.php\/wp-json\/wp\/v2\/media?parent=3579"}],"wp:term":[{"taxonomy":"product_brand","embeddable":true,"href":"https:\/\/rgturbo.com.co\/index.php\/wp-json\/wp\/v2\/product_brand?post=3579"},{"taxonomy":"product_cat","embeddable":true,"href":"https:\/\/rgturbo.com.co\/index.php\/wp-json\/wp\/v2\/product_cat?post=3579"},{"taxonomy":"product_tag","embeddable":true,"href":"https:\/\/rgturbo.com.co\/index.php\/wp-json\/wp\/v2\/product_tag?post=3579"}],"curies":[{"name":"wp","href":"https:\/\/api.w.org\/{rel}","templated":true}]}}